 = -c - 5*a - 14, 0 = 5*c + 4*a + 40. Let r be ((-4)/c)/((-2)/52). Is w(r) composite?
False
Is (53*-1)/((696/55128)/(-29)) prime?
False
Is (-98344260)/(-300) - 4/(-5) composite?
True
Let b be ((-9)/(-3))/((-2)/(-6)). Suppose -5825 = -b*m - 2090. Is m a composite number?
True
Suppose 0 = -2*g - 5*m + 57, -4*g = -4*m - 64 + 20. Let o(r) = r**3 - 13*r**2 + 4*r + 63. Is o(g) a composite number?
True
Let w(j) = -2 + 4*j**2 - 34*j + 11 + 183*j**3 + 15*j + 16*j + j**2. Is w(4) prime?
True
Let w(d) be the first derivative of -197*d**2/2 + 3*d - 10. Let b be w(-8). Let a = 3682 - b. Is a a prime number?
False
Suppose 0*a - 5*a + 2*p = -62, -4*p = -16. Suppose -a*f - 274 = -16*f. Let o = f + 332. Is o prime?
False
Suppose -28*d = -10*d - 5*d - 64805. Is d a composite number?
True
Let j = 499524 - 168035. Is j prime?
True
Suppose 0*v = -2*v. Let b(n) = 17*n**3 - 6*n**2 - 3*n - 721. Let k(t) = 47*t**3 - 17*t**2 - 8*t - 2163. Let g(h) = 11*b(h) - 4*k(h). Is g(v) prime?
False
Suppose 0 = 3*q + g - 305045, 4*q - 227463 = -5*g + 179271. Is q composite?
False
Let t be ((-3)/(-6))/((-3)/(-12)). Is 4*(1225/10 - t) prime?
False
Let o(h) = -h**3 - 17*h**2 + 34*h - 55. Let x be o(-19). Suppose -12082 = x*j - 29743. Is j composite?
True
Let n = 9609 + -4726. Let s = n + 744. Is s a prime number?
False
Let j(n) = -17264*n**3 - n**2 + 3*n - 1. Is j(-2) a prime number?
True
Let q be 10 + (-6)/(-15)*5. Let t(r) = 2*r**3 - 58*r**2 + 5*r - 157. Let x be t(29). Is ((-8)/x*-257)/(q/(-234)) composite?
True
Let w be 1*(-5 - -9 - 286*-8). Suppose 0 = -d - 4*j + 258 + 491, -3*j + w = 3*d. Is d composite?
False
Is 1/((-114718107)/7169883 + 16) prime?
True
Suppose -3*y + 7*j - 9*j + 45775 = 0, -j = 5*y - 76287. Suppose -6*n + n = -i - 25431, i - y = -3*n. Is n prime?
False
Suppose -o + 870 = -4*o. Let s be 213 + 10*((-12)/(-20))/3. Let a = s - o. Is a a prime number?
False
Let a(p) = 33*p**2 - 3*p + 263. Is a(-12) a composite number?
False
Suppose x = -3*d + 93619, 135118 + 20927 = 5*d - 5*x. Is d prime?
False
Let a(f) = 514*f + 1. Let i be a(-3). Let t = -2200 - i. Let y = t + 1362. Is y a prime number?
False
Let y(l) = 1 + 38*l**2 + 140*l**2 + 16*l**2 + 3*l. Let k = -6863 - -6861. Is y(k) prime?
False
Is (-5811205)/(-70) + (-24)/112 a prime number?
False
Let z(h) = -h**3 - 8*h**2 + 5*h - 31. Let m be z(-9). Suppose -4*f = 8, m*f + 34 = -0*n + n. Let q = 97 + n. Is q composite?
True
Suppose 70893 = 39*t - 36385 - 52973. Is t composite?
True
Suppose -4211947 = -21*u - 9*u + 3705023. Is u composite?
False
Suppose -2*v + v + 5*a = -1270, 5*v - 6430 = 5*a. Let x = v - -241. Is x prime?
True
Suppose -18 = -2*t - 6. Let f be 1*t/(-4)*(-11736)/12. Let w = -836 + f. Is w prime?
True
Suppose 9*j - 24 = 3*j. Let f be ((-11)/2)/11 - 18/j. Is ((-4428)/20 - f)/((-2)/5) composite?
False
Let g = -10087 + 75684. Is g composite?
True
Let u be 4*(2 - (-2 - -5)). Let s(l) = 30*l**2 + 3*l - 8. Let v(j) = -61*j**2 - 5*j + 17. Let b(a) = -5*s(a) - 3*v(a). Is b(u) a prime number?
False
Suppose -100828 = -42*g + 29*g. Suppose g = -9*q + 45565. Is q a prime number?
True
Suppose 24 = 4*w + 4*m, 0 = 3*w - 2*m - 13. Suppose 2*c = h - 1, -w*h = -3*c + 6*c - 31. Suppose -a = -c*a + 511. Is a a composite number?
True
Let z(q) = -5*q**2 - 5*q - 3. Let v be z(5). Let a(w) = 16*w + 54. Let u be a(-7). Let n = u - v. Is n a prime number?
False
Suppose -5*l = 5*j - 6736300, -140*l - 2694529 = -2*j - 139*l. Is j a prime number?
True
Suppose -2*s = -2*q - 3*q - 161777, 2*s + 2*q = 161784. Is s prime?
False
Suppose -6*j + 10 = -4*j. Let i be -1*0*j/(-20). Suppose -u - 2*u + 6951 = i. Is u composite?
True
Is 4/10*(-5 - (-171)/36)*-4301210 a composite number?
False
Let h = -127 + 128. Let p(c) = 202*c**2 - 10*c + 11. Is p(h) a composite number?
True
Let j = 111 - 102. Suppose -j*r = -4*r + 45. Let q(z) = -z**2 - 15*z + 31. Is q(r) a prime number?
False
Let q(w) = 2112*w - 6. Let o(k) = 2113*k - 5. Let l(m) = 5*o(m) - 6*q(m). Is l(-6) a composite number?
False
Suppose 2*o - 122598 = o. Suppose -4*b = -5*l + 158, -68 = -5*l + 3*l + 4*b. Is 3 + (-4)/l + o/135 a composite number?
False
Suppose 0 = -6*c + 124241 + 5101. Is c a composite number?
False
Let u(k) = -5*k - 158*k**3 - 170*k**3 + 5*k + 5 + 6*k + 0*k. Is u(-2) a composite number?
False
Suppose 14*q - 12560 = 158898. Is q prime?
False
Let v = 1376 - -2185. Suppose -x + v = -4156. Is x composite?
False
Suppose 2583509 - 1646958 = 27*w - 3146848. Is w a prime number?
True
Let n = 878 - -4929. Is n a prime number?
True
Let j(h) = -1 - 465*h + 1162*h - 494*h - 397*h. Suppose -2*t = -5*k + 8 + 19, 24 = -3*t + 2*k. Is j(t) a composite number?
False
Suppose 6*d - 1961 - 1687 = 0. Suppose -1936 = -4*i - 4*p - d, 0 = -2*i + p + 652. Let a = i + -81. Is a composite?
True
Let f(q) be the first derivative of q**4/4 - q**3 - 5*q**2 + 7*q + 16. Let m be f(5). Is (((-84)/8)/m)/((-6)/2008) a composite number?
True
Let f(y) = -620*y**3 - 13*y**2 + 16*y + 48. Is f(-5) a prime number?
False
Suppose 3*q = y - 70361, -3*y = 4*q - 4*y + 93816. Is q*(-9)/225*5*1 composite?
False
Let v(i) = i**3 - 5*i**2 - 4*i + 22. Let c be v(5). Suppose -12 = -5*k - c. Suppose -2*t + k*o + 602 = 2*t, 5*t = 3*o + 754. Is t a prime number?
True
Suppose 6*j + 39 = 105. Suppose -7*h + 27*h - 40 = 0. Is 693 + ((-46)/(-11) - h/j) a composite number?
True
Let q be 4/(((-3)/(-6))/(2/(-4))). Let l(i) = -35*i**2 - i - 10. Let k be l(q). Let d = 873 + k. Is d a prime number?
True
Let l(a) = 2*a + 16. Let r be l(-7). Suppose 3*h + r*h + 20 = 0, -11615 = -3*q + 5*h. Is q a prime number?
False
Is (14115780/(-100) + 2)/((-2)/10) prime?
True
Suppose 3*y - 118*h - 183667 = -113*h, 2*h - 122434 = -2*y. Is y prime?
False
Let y(d) = -69*d**3 - 4*d**2 + 8*d - 24. Is y(-11) a composite number?
False
Let m = 3382 - 5471. Let d = 6134 + m. Is d composite?
True
Let u(h) = 871*h**2 - 5*h + 1. Let i be (1 + -2)*((-7 - -2) + 6). Is u(i) prime?
True
Let y(q) = -127*q + 562*q + 443*q - 105. Is y(5) a prime number?
False
Let l(p) = 1431*p**3 - 8*p**2 + 10*p - 4. Is l(5) a prime number?
False
Let s(j) = 1898*j - 91. Is s(10) prime?
False
Suppose -178425 = -6*i + 151377 + 14226. Is i composite?
True
Is ((-753038)/1287)/(4/(-18)) a prime number?
True
Let q = 115966 + 64905. Is q composite?
False
Suppose 51*s = -879231 - 770211. Is 2*s/8*(-10)/5 prime?
False
Let y(n) = n**3 + 4*n**2 - 5*n - 10. Let x be y(-4). Is ((-12)/(-21))/(x/35) + 6687 a prime number?
True
Suppose 0 = 5*l + 4*l - 1530. Suppose 156 = i - l. Is i composite?
True
Let u be (-131880)/(-32) + (-4)/16. Let b = -1380 + u. Is b composite?
False
Let g be 4*5/(-2)*6/(-30). Suppose -5*d - g*w - 100998 = -10*d, 100978 = 5*d + 3*w. Is d a composite number?
True
Let c(t) = 577*t**2 - 83*t + 2543. Is c(35) a composite number?
False
Let l be (3 - 7/2)*0. Let a(b) = -b**3 + b**2 + 3*b + 1685. Is a(l) a prime number?
False
Suppose -43*o = -38*o + 4*v - 3525, 0 = -v - 5. Is o prime?
True
Let s(g) = -g. Let m(c) = -4*c - 13. Let a be m(-3). Let l(t) = 111*t - 49. Let o(p) = a*l(p) - 5*s(p). Is o(-28) prime?
False
Suppose -3*k + 4*n = -175352, k - 5*n - 116892 = -k. Let w = k - 23435. Is w a composite number?
True
Let b = 62438 + 3729. Is b a prime number?
False
Let c = 11640 + 14201. Is c prime?
True
Is 5942920/4*(4/(-5))/(-4) composite?
True
Let n(z) = -196*z - 99. Let w be n(-2). Let k = w - -118. Is k a composite number?
True
Let n(g) = 2*g**2 - 22*g + 33. Let k be n(-19). Suppose 0 = o + 2*q - k, 4*o - 5*q - 4235 = 405. Is o composite?
True
Suppose 3*b + 2*r - 178769 = 0, -7*r + 5*r = -3*b + 178777. Is b a composite number?
True
Let h(k) = k**3 - 7*k**2 + k + 5. Let i be h(7). Is 18/i*14776/6 a composite number?
True
Suppose 4*x + 689060 = 4*g, -48*x + 49*x = -5*g + 861289. Is g a composite number?
False
Suppose 128326 = 2*g + 2*p, 4*p + 174 - 198 = 0. Is g composite?
False
Is (-44 - 25304)*(-22)/8 prime?
False
Let h(z) = -509*z - 45 + 154 - 46 - 605*z. Is h(-7) a composite number?
True
Let h be (3 - 7) + -3 + -965. Let w = h - -3583. Is w prime?
False
Let w(t) = 3*t**2 + 22*t - 2. Let q be w(6). Suppose -4*d + 380 = d. Suppose 2*c - d = q. Is c a composite number?
False
Let t(c) = -7*c**2 - 31 - 8*c**2 + 15*c - 3*c**2 + 26*c**2. Let y(n) = 8*n + 90. Let j be y(-10). Is t(j) pri